{"id":123,"date":"2012-02-10T22:43:14","date_gmt":"2012-02-10T21:43:14","guid":{"rendered":"http:\/\/www.brinkmannweb.de\/aki\/?page_id=123"},"modified":"2026-03-15T20:50:15","modified_gmt":"2026-03-15T19:50:15","slug":"herzlich-willkommen","status":"publish","type":"page","link":"https:\/\/www.gks-pb.de\/","title":{"rendered":"Willkommen"},"content":{"rendered":"<p>Herzlich Willkommen<\/p>\n<p>auf der Internetseite der Gro\u00dfkaliber Sch\u00fctzen Paderborn e.V..<\/p>\n<p>Diese Homepage informiert Sie rund um unseren Verein.<\/p>\n<p>Unsere Mitglieder k\u00f6nnen sich hier \u00fcber Aktuelles und anstehende Termine informieren.<\/p>\n<p>Im Verein der Gro\u00dfkaliber Sch\u00fctzen Paderborn e.V.\u00a0k\u00f6nnen die verschiedenen Disziplinen gem\u00e4\u00df der<\/p>\n<p>Sportordnungen des BDS trainiert werden.<\/p>\n<p>Der Verein ist Mitglied im Dachverband BDS- LV4\u00a0\u00a0 Nr.4647<\/p>\n<\/p>\n\n\n<p><\/p>\n\n\n\n<p><\/p>\n\n\n\n<p><\/p>\n\n\n\n<p><\/p>\n\n\n\n<p><\/p>\n\n\n\n<p><\/p>\n\n\n\n<h1 class=\"wp-block-heading has-text-align-left has-vivid-red-color has-text-color\"><\/h1>\n\n\n\n<p class=\"has-text-align-left has-vivid-red-color has-text-color has-link-color has-x-large-font-size wp-elements-e8d45faf36d842aa9a3720e6ac7c5195\"><\/p>\n\n\n\n<p><\/p>\n\n\n\n<p><\/p>\n","protected":false},"excerpt":{"rendered":"<p>Herzlich Willkommen auf der Internetseite der Gro\u00dfkaliber Sch\u00fctzen Paderborn e.V.. Diese Homepage informiert Sie rund um unseren Verein. Unsere Mitglieder k\u00f6nnen sich hier \u00fcber Aktuelles und anstehende Termine informieren. Im Verein der Gro\u00dfkaliber Sch\u00fctzen Paderborn e.V.\u00a0k\u00f6nnen die verschiedenen Disziplinen gem\u00e4\u00df <span class=\"excerpt-dots\">&hellip;<\/span> <a class=\"more-link\" href=\"https:\/\/www.gks-pb.de\/\"><span class=\"more-msg\">Weiterlesen &rarr;<\/span><\/a><\/p>\n","protected":false},"author":1,"featured_media":0,"parent":0,"menu_order":1,"comment_status":"closed","ping_status":"closed","template":"","meta":{"footnotes":""},"class_list":["post-123","page","type-page","status-publish","hentry"],"_links":{"self":[{"href":"https:\/\/www.gks-pb.de\/index.php?rest_route=\/wp\/v2\/pages\/123"}],"collection":[{"href":"https:\/\/www.gks-pb.de\/index.php?rest_route=\/wp\/v2\/pages"}],"about":[{"href":"https:\/\/www.gks-pb.de\/index.php?rest_route=\/wp\/v2\/types\/page"}],"author":[{"embeddable":true,"href":"https:\/\/www.gks-pb.de\/index.php?rest_route=\/wp\/v2\/users\/1"}],"replies":[{"embeddable":true,"href":"https:\/\/www.gks-pb.de\/index.php?rest_route=%2Fwp%2Fv2%2Fcomments&post=123"}],"version-history":[{"count":76,"href":"https:\/\/www.gks-pb.de\/index.php?rest_route=\/wp\/v2\/pages\/123\/revisions"}],"predecessor-version":[{"id":616,"href":"https:\/\/www.gks-pb.de\/index.php?rest_route=\/wp\/v2\/pages\/123\/revisions\/616"}],"wp:attachment":[{"href":"https:\/\/www.gks-pb.de\/index.php?rest_route=%2Fwp%2Fv2%2Fmedia&parent=123"}],"curies":[{"name":"wp","href":"https:\/\/api.w.org\/{rel}","templated":true}]}}